h) = 11*h. Let s be x(-3). Let o = s + 23. Let g be (-12)/o*(0 - -5). Calculate the highest common factor of g and 2.
2
Let s be ((-297)/12)/(12/(-32)). Calculate the greatest common factor of s and 44.
22
Suppose -2*k = 4*d - 60, d + 2*d - 75 = -3*k. What is the greatest common factor of 220 and k?
20
Let g(c) = -c**3 - 12*c**2 - c - 1. Let w be g(-12). Let b(t) = 4*t**2 + 7*t - 3. Let d be b(-6). Calculate the greatest common divisor of d and w.
11
Let a(b) = 3*b**2 + 32*b + 29. Let u be a(-12). Calculate the greatest common divisor of 22 and u.
11
Suppose -5*t - 88 = 4*u, -u + 16 = -3*t - 30. Let k = 24 + t. What is the greatest common divisor of k and 56?
8
Let z = -141 - -251. Let r = z - 74. What is the highest common divisor of 18 and r?
18
Let t = 4 + -4. Suppose -4*l + 16 = -4*b, t = 5*l + 4*b - 2 - 0. Suppose 95 = n + h, 7*h - 380 = -4*n + l*h. Calculate the greatest common factor of 19 and n.
19
Suppose 5*w + 447 = 4*a + 2178, -3*w - 5*a + 1046 = 0. Let g = w - 242. Calculate the highest common factor of g and 15.
15
Let f be 14/4 + 3/(-2). Suppose f*u = 1 + 11. Calculate the highest common factor of u and 6.
6
Let o(c) = -1. Let i(h) = -h + 1. Let z(n) = -2*i(n) - 5*o(n). Let x be z(5). Let s be (-1)/5 + 27/(-15) - -15. What is the highest common factor of x and s?
13
Let c(o) = o**2 + 7*o - 19. Let n be c(-11). Calculate the highest common factor of 125 and n.
25
Let f be 21/(-2)*6/9. Let v be 3/(-3)*(-3 + f). Suppose 4*z - 3 = 13. What is the highest common divisor of z and v?
2
Let y = 46 - 16. Let n(m) = -m + 3. Let t = 13 - 16. Let w be n(t). What is the greatest common factor of y and w?
6
Let h be ((-68)/6)/(6/(-9)). Suppose 0 = 5*b + g - 766, -2*b - 3*g + 307 = -2*g. Calculate the highest common factor of h and b.
17
Suppose 58 = 2*b - 4*a + 2*a, 0 = -2*a - 10. Calculate the greatest common factor of 6 and b.
6
Let l be 1 - (-22)/2 - 3. Suppose -5*u + 4*h + 486 = -21, -u + 87 = 4*h. What is the greatest common divisor of l and u?
9
Let b be ((-8)/(-6) + -2)*(-60 - 0). Calculate the greatest common divisor of b and 64.
8
Suppose 534 + 186 = 6*j. Suppose 5*n - 2*n + u = 140, -2*n - u = -92. What is the highest common divisor of j and n?
24
Let o(c) = c**2 - 7*c - 1. Let i be o(-6). Let t = i - 42. Let y(q) = -q**2 - q + 14. Let a be y(0). What is the greatest common factor of a and t?
7
Suppose b - 31 = -4*n, n - 2*b - 34 = -3*n. What is the greatest common factor of 16 and n?
8
Let q(w) = w**3 - 7*w**2 + 5*w - 2. Let f be q(6). Let i be (22 + f)*12/14. What is the highest common divisor of 36 and i?
12
Let p(i) = -i**2 + 6*i - 4. Let f be p(4). Suppose 0 = -y + r + 30, 3*r - f*r + 162 = 5*y. Calculate the highest common divisor of 48 and y.
16
Let n = 202 + -137. Let a(x) = -x**3 - 4*x**2 + x - 7. Let o be a(-5). What is the greatest common factor of n and o?
13
Suppose -3*v + 40 = -5. Let r be (-30)/((-4)/(-12)*-3). Calculate the highest common factor of r and v.
15
Suppose 5 = g + 2. Suppose -2*v + z - 7 = -4*v, 2*v - z = 5. Suppose -4*k = v*i - 41, 2*k = 4*i - 88 + 26. Calculate the greatest common divisor of i and g.
3
Let y(r) = -9*r + 22. Let z be y(-11). Calculate the highest common factor of 11 and z.
11
Let a(v) = -v**3 - 5*v**2 + 6*v. Let l be a(-6). Let y = 2 - l. Suppose i = -y*i + 189. What is the highest common divisor of 7 and i?
7
Let q be ((-120)/(-16))/(6/40). Calculate the greatest common factor of 10 and q.
10
Let q(u) = 5*u**3 + u - 1. Let t be q(1). Suppose -t*v + 124 = -v. What is the greatest common divisor of 62 and v?
31
Let l(w) = -w**3 - 13*w**2 + 10*w - 2. Let p be l(-14). Calculate the highest common divisor of p and 6.
6
Let h = 220 + -152. What is the greatest common divisor of 17 and h?
17
Let s(g) = g. Suppose a = 2*v + 4, 7*a - 2*a - 2*v - 12 = 0. Let w be s(a). Suppose w*m - 1 = 17. Calculate the greatest common divisor of 18 and m.
9
Let l be 4/((1 + 1)/1). Suppose 5*c - 3 = l*c. Let d = 9 - -2. Calculate the greatest common divisor of d and c.
1
Suppose 4*v = -0*v + 140. What is the highest common factor of 21 and v?
7
Suppose 2 = -0*m - 2*m. Let p be (-1*1/m)/1. Let f(s) = -s**2 - 7*s + 3. Let i be f(-6). Calculate the highest common divisor of i and p.
1
Let i = -88 + 97. Let q = -22 - -55. Let d = q - -3. Calculate the greatest common divisor of i and d.
9
Suppose -9 = -5*g + 26. Suppose q - 14 = g. Calculate the highest common divisor of 7 and q.
7
Let w(u) = 12*u - 6. Let x be w(4). Let l(s) = 14*s. Let m be l(2). Calculate the greatest common factor of x and m.
14
Let m be (-66)/(-14) + 12/42. Let d be (2/4)/(3/(-18)). Let b be (1 + -2)*(d + -2). What is the greatest common factor of m and b?
5
Let j(u) = -u**3 - 4*u**2 - 6*u - 13. Let n be j(-5). Calculate the highest common factor of n and 378.
42
Suppose 2*b = 137 + 59. Let z(o) = 4*o - 6. Let r be z(7). Suppose n + 2*j = 3*n - 38, r = 3*n + 4*j. Calculate the highest common factor of n and b.
14
Suppose 0 = 2*n + c - 329, 0 = -2*n + c + 111 + 216. Suppose n = -0*i + 4*i + z, z - 44 = -i. Calculate the highest common divisor of i and 8.
8
Let n be 0 + -2 + 65 + 0. Suppose -5*x = -4*x - 4. Suppose -x*m = 12 - 40. What is the greatest common divisor of n and m?
7
Suppose -2*z = -28 - 364. Let h = -130 + z. Suppose 0 = l - 4*l + h. Calculate the greatest common factor of l and 33.
11
Let u(j) = -j**3 - 4*j**2 - 1. Let m be u(-4). Let g be (4/2 + -7)*m. Let h be 2 + 1 + -1 - 1. Calculate the greatest common divisor of g and h.
1
Let b(l) = 11*l + 6. Let t be b(-4). Suppose 0 = z + 14 + 12. Let j = z - t. What is the greatest common factor of j and 108?
12
Let t(x) = x + 12. Let u be 17 + -5 + (2 - 0). Let f be t(u). Calculate the highest common factor of 39 and f.
13
Suppose 6*g - 12 = 5*g. Calculate the highest common divisor of 24 and g.
12
Suppose -44 = -4*g + 4*d, 2*d + 0 = -2. Suppose 0*y - 2*y - 70 = 0. Let m = y + 115. Calculate the highest common divisor of g and m.
10
Suppose 68 = 4*p + 5*t, 5*p - t + 2*t - 85 = 0. Let h = p + 8. What is the highest common divisor of h and 125?
25
Let u be -6*1*275/(-15). Let b be (4/10)/((-1)/(-110)). What is the highest common divisor of b and u?
22
Let r = -100 - -139. What is the greatest common divisor of 26 and r?
13
Let v be 1*(0 - 11*-1). Suppose 0 = -3*w + 4*w - 4*j + 12, -15 = -5*w + 5*j. Let n = 9 - w. Calculate the highest common factor of n and v.
1
Let h be (-2 + -21)/(1/(-3)). Let k = -70 - -116. What is the greatest common factor of h and k?
23
Let d be (3/(-9))/(3/(-27)). Suppose 0 = -5*x - 4*y + 163, -d*y - 146 = -4*x - y. What is the greatest common factor of 5 and x?
5
Suppose 70 = 4*u - 0*p - 2*p, 4*u - 5*p = 79. Calculate the highest common divisor of u and 48.
16
Suppose 2*j - 240 = -13*j. Calculate the highest common factor of 4 and j.
4
Suppose -6*i - 8 + 62 = 0. What is the highest common factor of i and 288?
9
Let z = 13 - 3. Let j(d) = 387*d - 1. Let f be j(2). Let x be (-21)/49 - f/(-7). Calculate the highest common divisor of z and x.
10
Let p(s) = -s**2 + 20*s + 10. Let g be p(20). What is the greatest common factor of g and 2?
2
Suppose -5*n + 0*n - 13 = -4*b, 5 = 4*b + 3*n. Let l be (-4*1)/(b/(-2)). Suppose 0 = -36*t + 38*t - 8. What is the greatest common divisor of l and t?
4
Let c be 10/4*14/35. Suppose 4*a - 6 = 2*a. Suppose -4*g + 18 = 2*y, 2*y - a*g = -y. What is the greatest common factor of y and c?
1
Suppose -3*z = -k + 2, 3*k = 2*k + z + 8. What is the highest common divisor of 11 and k?
11
Let v = 111 + -109. What is the greatest common divisor of v and 14?
2
Let y(z) = -z**3 - 3*z**2 - 2*z - 5. Let p be y(-4). Suppose 5*h - 99 = 3*h - 3*k, h - 82 = 5*k. Calculate the greatest common factor of p and h.
19
Suppose 2*h - 2*g = -h + 32, h + 3*g + 4 = 0. Let i be 471/12 - 2/h. What is the greatest common divisor of 26 and i?
13
Let p = 14 - 11. Suppose -3*w + 50 = -v, 0 = p*w - w - 5*v - 55. Calculate the highest common factor of 30 and w.
15
Suppose j = p + 3*j - 29, 0 = -2*j - 4. Suppose v - 6 - 5 = 0. What is the greatest common divisor of p and v?
11
Suppose -3*s + 538 = 4*h + 133, -2*h - 540 = -4*s. Let z = s + 8. Calculate the highest common divisor of z and 13.
13
Let c(a) = 6 + a - 11 + 4. Let i be c(3). What is the highest common factor 